0 + 21/210?
2
Let b(f) = -f**3 + 10*f**2 + 7*f - 4. Let c be b(5). Suppose -3*p = -j - c, -3*p + j - 6*j + 174 = 0. What is the units digit of p?
3
Let g be 3838/15 + (-5)/(225/(-6)). Suppose 3*f - g = 83. What is the tens digit of f?
1
What is the units digit of 33/(-44) + 7070/8?
3
Let j = 7388 - 4617. What is the hundreds digit of j?
7
Let s(q) = -q**3 + 8*q**2 - 7*q - 2. Let p be s(6). Let d(y) = 0*y - 16*y**3 + p + 17*y**3 + y - y**2 + 2*y**2. What is the tens digit of d(0)?
2
What is the units digit of -52 + 51 - (-1 - -1 - 187)?
6
Suppose 18 = -3*k + 12. What is the units digit of (-72)/k + (5 - 1)?
0
Suppose -3*o = 5*d - 38, 5*o + 50 = -0*d + 3*d. Suppose 4*h - 146 + d = -x, h - 34 = -x. What is the units digit of h?
4
Let j(z) = -z**2 + 10*z + 4. Let a = -19 - -29. Let v be j(a). Suppose v*t - 3*y = -0*y + 158, -3*t + 4*y = -115. What is the units digit of t?
1
Suppose 0 = -6*q - 46 - 26. Let b be 8/q*35*-3. Let d = -28 + b. What is the units digit of d?
2
Let k(w) = 6*w**2 - 43*w - 27. What is the units digit of k(14)?
7
Let b(a) be the first derivative of a**5/30 - 5*a**4/24 - 7*a**3/6 + 2*a**2 - 7. Let q(v) be the second derivative of b(v). What is the units digit of q(6)?
5
Let t(u) = u**2 + 4*u + 22. Let s be ((-4)/8*0)/(-4). What is the tens digit of t(s)?
2
Suppose -3*k + 1 = -5. Suppose -11 + 13 = -k*j. What is the units digit of (j + 0)/((-3)/123)?
1
Let s = 46 + -31. What is the tens digit of 648/s + (-1)/5?
4
Let v be 45/25 - (-1)/5. Suppose 3*q - 2*w = -q + 1202, -v*w = -5*q + 1502. What is the tens digit of 1/(-2) + q/8?
3
Suppose 2 + 6 = 4*b. Suppose -5*s + 109 = 3*w, w = 5*s - b*s + 41. What is the units digit of w?
8
Let h(f) = -32*f**3 + 6*f**2 + 92*f + 489. What is the thousands digit of h(-5)?
4
Suppose -684 = -4*u + 2*u. What is the tens digit of u?
4
Let v = -504 + 1471. What is the tens digit of v?
6
Let u(p) be the first derivative of 0*p + 4 + 7/3*p**3 - 1/2*p**2. What is the units digit of u(1)?
6
Let f = 0 - -3. Let s(i) = 8*i**3 - 3*i**2 + 3*i. Let w be s(f). Suppose d = -3, -c - w = -4*c - 2*d. What is the tens digit of c?
6
Let w(v) = -80*v + 37. Let p be w(-5). Suppose -5*t - 3*r = -271 - p, 0 = -r - 4. What is the units digit of t?
4
Suppose 22*r - 28890 = -5*r. What is the hundreds digit of r?
0
Let k(x) = x**3 + 29*x**2 + 105*x + 39. What is the units digit of k(-12)?
7
Suppose -s + 434 = -4*h - 101, -3*h + 15 = 0. What is the units digit of s?
5
Let l = -37 + 59. Suppose -3*d + 2*z + 3*z + l = 0, -3*d = z - 10. Suppose -36 - 33 = -5*b - d*o, -5*b = -3*o - 97. What is the units digit of b?
7
What is the units digit of 2*553 + (20 - 23)?
3
Let b(l) = -l**3 - 8*l**2 - 11*l - 6. Let m be b(-7). Suppose 7 = -3*y + m. Let t = 13 - y. What is the units digit of t?
8
Let r = 8 - 6. Suppose i = 1, r*n + 2*n = 3*i - 231. Let q = n - -83. What is the tens digit of q?
2
Suppose 13*m - 8*m = 5. What is the tens digit of 72*(5/10)/m?
3
What is the tens digit of (-2374280)/(-520) + 2/26?
6
Let a = -4038 + 6112. What is the hundreds digit of a?
0
Let k be -2 + 6 - (15 - 561). Let y = -382 + k. What is the tens digit of y?
6
Let f(g) = 38*g**2 + 2*g - 1. What is the hundreds digit of f(-2)?
1
Let t be 260/30*6/4. Let p be (0 - 1)/(t/(-494)). Suppose -2*o - p = -3*h - o, 3*o = -h + 6. What is the units digit of h?
2
Let x(q) = 2*q + 31. Let l be x(8). Let z = l + -31. What is the tens digit of z?
1
Let u(h) = -h**2 - 30*h - 131. What is the tens digit of u(-24)?
1
Let q(i) = -i**3 + 12*i**2 + i + 67. What is the units digit of q(12)?
9
Let x = 2981 - 1702. What is the thousands digit of x?
1
Let i(c) = -c**2 - 11*c + 13. Let u be i(-12). Let j = 9 - u. Let z = j - -24. What is the units digit of z?
2
Let m = 593 + -399. What is the hundreds digit of m?
1
What is the tens digit of 719/3 - (-1)/3 - 4?
3
Let t(a) = -a**3 - 4*a - 4. Let f(b) = b - 15. Let g be f(10). What is the units digit of t(g)?
1
Suppose -120 + 18 = -2*m. Suppose 0 = -2*v + m + 71. What is the tens digit of v?
6
Let g(o) = o**3 + 15*o**2 - 16*o + 11. Let j be g(-16). Suppose -4*q = -3*u - j, -q + 4*q - 15 = 0. What is the units digit of u?
3
Let l = 4075 + -2215. What is the thousands digit of l?
1
Let u(y) = -y**3 - 5*y**2 + 7*y - 1. Let f be u(-6). What is the units digit of (-6)/(-5)*((-1208)/(-24) + f)?
2
Suppose 2*k = 5*w + 1433, 6*k + 4*w - 2138 = 3*k. What is the tens digit of k?
1
Let w(y) = 113*y**2 + 3*y - 7. What is the hundreds digit of w(-5)?
8
Let s = 1216 + -486. Suppose k + s = 6*k. Let l = k + -104. What is the units digit of l?
2
Let r = -48 - -48. Let q(s) = 3*s - 5. Let j be q(6). Suppose 4*y - 43 = -r*i - i, i - j = 2*y. What is the tens digit of i?
2
Suppose 0 = -5*x - b + 360, -4*b + 8*b - 304 = -4*x. Let a = -13 + x. What is the tens digit of a?
5
Suppose -6*x = -9*x + 1011. What is the hundreds digit of x?
3
Let q(a) = -a**3 + 8*a**2 - 3*a - 8. Suppose -27 = -4*d + 1. Let r be q(d). What is the units digit of (3 + r/(-8))*18?
9
Suppose 43*r + 37*r = 24160. What is the hundreds digit of r?
3
Let q be (-4 + 1)*(-5)/(-3). Let j(s) = 4*s**2 - 7*s - 37. What is the tens digit of j(q)?
9
Suppose 72*t - 115412 = 11*t. What is the tens digit of t?
9
Let h(q) = -q**3 + 9*q**2 + 2*q - 15. Let a be h(9). Suppose 38*z + a = 39*z. What is the units digit of z?
3
Let v(j) = 2*j**3 - 2*j**2 + j. Let q(m) be the second derivative of -m**3/6 + 4*m**2 + m. Let w be q(6). What is the tens digit of v(w)?
1
Let l = -72 - -33. Let q(w) = 3*w**2 - 5*w - 5. Let g be q(-4). Let i = l + g. What is the units digit of i?
4
Suppose -5*d + 4*p + 7628 = 0, 0 = -2*d + 5*p - 7*p + 3044. What is the hundreds digit of d?
5
Let b(h) = h**2 + 9*h + 6. Let w(m) = -3*m**2 - 19*m - 13. Let l(s) = 5*b(s) + 2*w(s). Let j be l(7). Suppose 116 = j*k - 20. What is the units digit of k?
4
Let b = 139 - 139. Let s(c) = -c + 2. Let o be s(-3). Suppose 5*g - o - 10 = b. What is the units digit of g?
3
Suppose 5*y + 18 - 13 = 0, 4282 = 3*u - y. What is the tens digit of u?
2
Let f(x) = -6*x - 6. Let l be f(-4). What is the units digit of 621/l*12/9?
6
Let n be 3 - (0/(-4))/(-3). Suppose n*z - 2*o - 13 = 0, -3*o = -4*o - 5. Let i = z - -10. What is the units digit of i?
1
Suppose -2*s - 1 = -3*h + 1, 0 = 5*h + s - 12. Suppose 2*g - 4 = 2*f + f, 3*g - 6 = -h*f. Suppose f*a - 87 = -3*a. What is the units digit of a?
9
Let n = 29 - 23. Let q(j) = -8 - j**2 + 8*j**2 - j**2 + 10*j - j**3. What is the tens digit of q(n)?
5
Let t(l) = l**3 - 3*l**2 - 11*l + 8. Let k be t(5). Suppose -2*p + 188 = -k*z + 61, -3*z = -4*p + 263. What is the tens digit of p?
6
Suppose 0 = 4*z + 3*x - 4, 5*x - 4 = -0*z - 4*z. Let h(t) = 3*t**2. Let y be h(z). Suppose 2*q + y*q - 65 = 0. What is the tens digit of q?
1
Suppose -4*j = a - 1540 + 540, 0 = 2*a + 8. What is the tens digit of j?
5
Suppose 4*i - 2*g - 9348 - 7966 = 0, 5*g = -i + 4356. What is the thousands digit of i?
4
Suppose 0 = 9*v - 11*v + 156. Suppose j + 4*l = 80, j - 3*l = 30 + v. What is the tens digit of j?
9
Let o(a) = -a**3 - 7*a**2 - 10*a + 62. What is the tens digit of o(-12)?
0
Suppose a + 60 = 4*a. Suppose 2*p = a - 0. What is the units digit of p?
0
Let u be 1/(-2) - (-45)/(-18). Let s(a) = -15*a - 10. What is the units digit of s(u)?
5
Let j(d) = -44*d - 352. Let y(u) = 5*u + 39. Let t(w) = -3*j(w) - 28*y(w). What is the tens digit of t(-12)?
6
Let h = 559 + 131. What is the units digit of h?
0
Suppose 0 = -24*s + 82*s - 143724. What is the hundreds digit of s?
4
Suppose 7*t - 5*t - 34 = 0. Let c(a) = a**3 + 2*a - 1. Let i be c(1). Suppose r = i*r - t. What is the units digit of r?
7
Suppose -47*k + 51*k = 148. What is the tens digit of k?
3
Let u be (-84)/(-35)*10/4. What is the units digit of 0 + 168 - (u + 4 + -7)?
5
Suppose 243 = f - 108. Let u = -125 + f. What is the hundreds digit of u?
2
Suppose 0 = -z + 5, -4*z + 16 = -5*v - 9. Let u(b) = -80*b**3 - b - 1. Let o be u(v). Suppose -i + 5*i - o = 0. What is the units digit of i?
0
Suppose -5*u + 104 - 19 = 0. Suppose -5*s - 45 = 3*n + 21, 0 = -2*n + 6. Let j = s + u. What is the units digit of j?
2
Suppose 30 = 3*d + 3*p, 2*p - 33 = -3*d - 4. Let l(f) = -6*f**2 - f - 4 + 5*f + d*f**2. What is the units digit of l(3)?
5
Suppose -8*x + 3*x = -1250. Suppose 0 = -11*v + v +